
What is the thousands digit of 90846445?
6
What is the thousands digit of 1276394510?
4
What is the billions digit of 2984746731?
2
What is the billions digit of 1565972432?
1
What is the ten thousands digit of 2429166462?
6
What is the thousands digit of 30782327?
2
What is the hundreds digit of 378826919?
9
What is the hundred millions digit of 1441294550?
4
What is the units digit of 138636410?
0
What is the millions digit of 39807684?
9
What is the hundred thousands digit of 4133070107?
0
What is the ten thousands digit of 774190066?
9
What is the millions digit of 595382645?
5
What is the hundreds digit of 1381040129?
1
What is the hundred thousands digit of 39911739?
9
What is the tens digit of 7240829?
2
What is the billions digit of 2019624582?
2
What is the millions digit of 3198986?
3
What is the tens digit of 111692036?
3
What is the thousands digit of 41331645?
1
What is the thousands digit of 1531553516?
3
What is the hundreds digit of 71929894?
8
What is the hundred millions digit of 499640350?
4
What is the units digit of 5016218621?
1
What is the thousands digit of 372122015?
2
What is the ten thousands digit of 58478796?
7
What is the hundreds digit of 93095110?
1
What is the thousands digit of 58097522?
7
What is the thousands digit of 749457983?
7
What is the hundred millions digit of 433014997?
4
What is the tens digit of 185254817?
1
What is the ten millions digit of 106129715?
0
What is the millions digit of 18858814?
8
What is the thousands digit of 49083151?
3
What is the hundred millions digit of 151797169?
1
What is the millions digit of 57675554?
7
What is the ten thousands digit of 339718815?
1
What is the hundred thousands digit of 1813121943?
1
What is the tens digit of 603932232?
3
What is the hundred thousands digit of 3883933972?
9
What is the units digit of 102124370?
0
What is the thousands digit of 7068248627?
8
What is the thousands digit of 1302724902?
4
What is the ten thousands digit of 112705515?
0
What is the ten thousands digit of 292377843?
7
What is the millions digit of 295701261?
5
What is the hundreds digit of 200693543?
5
What is the tens digit of 513778793?
9
What is the hundreds digit of 1422121485?
4
What is the ten millions digit of 33237211?
3
What is the tens digit of 36475064?
6
What is the units digit of 1138440402?
2
What is the hundreds digit of 126213443?
4
What is the ten thousands digit of 2211284329?
8
What is the units digit of 186888406?
6
What is the ten thousands digit of 208626765?
2
What is the hundreds digit of 86390190?
1
What is the thousands digit of 151889403?
9
What is the hundred thousands digit of 5084958196?
9
What is the hundreds digit of 2140447099?
0
What is the hundred thousands digit of 12835094?
8
What is the hundred millions digit of 1190445653?
1
What is the millions digit of 1368142716?
8
What is the ten millions digit of 184143507?
8
What is the ten thousands digit of 51075519?
7
What is the thousands digit of 28500323?
0
What is the tens digit of 125964284?
8
What is the billions digit of 6367720296?
6
What is the tens digit of 645524113?
1
What is the ten millions digit of 18895397?
1
What is the units digit of 17188673?
3
What is the units digit of 4166999?
9
What is the thousands digit of 153562360?
2
What is the ten thousands digit of 21827089?
2
What is the ten millions digit of 11044034?
1
What is the units digit of 4083333?
3
What is the tens digit of 79269881?
8
What is the hundred thousands digit of 979863526?
8
What is the hundreds digit of 120048273?
2
What is the hundreds digit of 2032808115?
1
What is the billions digit of 3280938073?
3
What is the thousands digit of 43115957?
5
What is the ten thousands digit of 1517249935?
4
What is the hundred thousands digit of 611174772?
1
What is the hundred millions digit of 5028731751?
0
What is the hundred millions digit of 707098459?
7
What is the hundreds digit of 6091086808?
8
What is the tens digit of 356455509?
0
What is the hundred millions digit of 171914857?
1
What is the hundreds digit of 140028938?
9
What is the hundred millions digit of 249555170?
2
What is the hundred millions digit of 135465390?
1
What is the thousands digit of 291968870?
8
What is the units digit of 18440238?
8
What is the millions digit of 170557475?
0
What is the tens digit of 35708290?
9
What is the millions digit of 4028187657?
8
What is the ten thousands digit of 62851643?
5
What is the ten thousands digit of 57964827?
6
What is the tens digit of 101269509?
0
What is the hundred thousands digit of 476835884?
8
What is the thousands digit of 11642251?
2
What is the hundreds digit of 209519482?
4
What is the units digit of 2687443709?
9
What is the tens digit of 50919851?
5
What is the units digit of 24021477?
7
What is the thousands digit of 211193546?
3
What is the millions digit of 2036886840?
6
What is the ten thousands digit of 322140577?
4
What is the units digit of 91095526?
6
What is the hundred millions digit of 2015664934?
0
What is the tens digit of 98801567?
6
What is the hundred thousands digit of 549182226?
1
What is the ten millions digit of 699051019?
9
What is the ten thousands digit of 218505390?
0
What is the thousands digit of 914598125?
8
What is the millions digit of 1585864938?
5
What is the hundreds digit of 3707980032?
0
What is the tens digit of 118654336?
3
What is the ten thousands digit of 7763586403?
8
What is the tens digit of 124257185?
8
What is the units digit of 11799215?
5
What is the millions digit of 748897722?
8
What is the units digit of 173319156?
6
What is the ten millions digit of 1431491242?
3
What is the ten millions digit of 79954740?
7
What is the ten thousands digit of 4019712?
1
What is the tens digit of 1349116?
1
What is the hundred thousands digit of 337464936?
4
What is the hundreds digit of 1710888855?
8
What is the tens digit of 25376883?
8
What is the tens digit of 209174346?
4
What is the units digit of 293535096?
6
What is the millions digit of 442282740?
2
What is the hundreds digit of 1593497?
4
What is the ten thousands digit of 20697930?
9
What is the thousands digit of 3319654433?
4
What is the units digit of 236433030?
0
What is the hundreds digit of 195513242?
2
What is the tens digit of 159317882?
8
What is the hundred millions digit of 347736067?
3
What is the tens digit of 2786921?
2
What is the ten millions digit of 28004704?
2
What is the tens digit of 945640125?
2
What is the ten millions digit of 12773524?
1
What is the ten thousands digit of 45049692?
4
What is the millions digit of 81196861?
1
What is the hundreds digit of 41082738?
7
What is the millions digit of 92072195?
2
What is the hundreds digit of 2291047354?
3
What is the millions digit of 92381913?
2
What is the millions digit of 377745990?
7
What is the hundred thousands digit of 36703764?
7
What is the millions digit of 1092923951?
2
What is the millions digit of 101649276?
1
What is the hundred millions digit of 215670783?
2
What is the tens digit of 38885711?
1
What is the hundred millions digit of 351829632?
3
What is the hundred thousands digit of 98551821?
5
What is the thousands digit of 1336990978?
0
What is the thousands digit of 811523080?
3
What is the ten millions digit of 24598956?
2
What is the ten thousands digit of 535990358?
9
What is the tens digit of 1176854224?
2
What is the millions digit of 102225992?
2
What is the hundred thousands digit of 49655321?
6
What is the ten thousands digit of 1424770258?
7
What is the units digit of 402116796?
6
What is the hundred millions digit of 3432522732?
4
What is the thousands digit of 405985440?
5
What is the millions digit of 37184636?
7
What is the hundred millions digit of 3300130909?
3
What is the hundred thousands digit of 15547999?
5
What is the hundred millions digit of 893737072?
8
What is the units digit of 1963770304?
4
What is the ten thousands digit of 8901868477?
6
What is the ten thousands digit of 152759832?
5
What is the hundreds digit of 31749331?
3
What is the millions digit of 73670448?
3
What is the hundred thousands digit of 31905454?
9
What is the millions digit of 25324721?
5
What is the ten thousands digit of 1290138531?
3
What is the units digit of 398230660?
0
What is the hundred millions digit